{"id":1668,"date":"2020-06-09T15:52:19","date_gmt":"2020-06-09T13:52:19","guid":{"rendered":"https:\/\/se.cam4.com\/blog\/?page_id=1668"},"modified":"2020-08-31T08:34:39","modified_gmt":"2020-08-31T06:34:39","slug":"veckans-basta-performers","status":"publish","type":"page","link":"https:\/\/se.cam4.com\/blog\/veckans-basta-performers\/","title":{"rendered":"B\u00e4sta Broadcasters"},"content":{"rendered":"<ul>\n<li>                    <span style=\"\"><a href=\"#tve-jump-174416518cf\" jump-animation=\"smooth\" style=\"outline: none;\">Svenska Camgirls<\/a><\/span><\/li>\n<li>                    <span style=\"\"><a href=\"#tve-jump-1744165425d\" jump-animation=\"smooth\" style=\"outline: none;\"><strong>Internationella Camgirls<\/strong><\/a><\/span><\/li>\n<li>                    <span><a href=\"#tve-jump-17441656d61\" jump-animation=\"smooth\" style=\"outline: none;\"><strong>Latina Camgirls<\/strong><\/a><\/span><\/li>\n<li>                    <span style=\"\"><a href=\"#tve-jump-17441659477\" jump-animation=\"smooth\" style=\"outline: none;\">Rum\u00e4nska Camgirls<\/a><\/span><\/li>\n<\/ul>\n<p style=\"text-align: left;\"><strong>Kategorier av Top Camgirls:<\/strong><\/p>\n<p><span style=\"\"><img decoding=\"async\" alt=\"cam girl mit wei\u00dfem shirt\" data-id=\"19145\" width=\"327\" height=\"239\" title=\"Cam-Girl-mit-wei\u00dfem-Shirt\" src=\"https:\/\/se.cam4.com\/blog\/wp-content\/blogs.dir\/13\/files\/2020\/08\/Cam-Girl-mit-weisem-Shirt-1-1.jpg\" data-link-wrap=\"true\" style=\"opacity: 1;\" ml-d=\"0\" mt-d=\"0\" data-width=\"327\" data-height=\"239\" data-init-width=\"800\" data-init-height=\"585\" loading=\"lazy\"><\/span><span><img decoding=\"async\" alt=\"Auszeichnung Webcamgirls\" data-id=\"19146\" width=\"66\" height=\"66\" title=\"Auszeichnung-f\u00fcr-Webcamgirls\" src=\"https:\/\/se.cam4.com\/blog\/wp-content\/blogs.dir\/13\/files\/2020\/08\/Auszeichnung-fur-Webcamgirls-150x150-1-1.png\" data-link-wrap=\"true\" style=\"\" ml-d=\"-1\" data-width=\"66\" data-height=\"66\" data-init-width=\"150\" data-init-height=\"150\" loading=\"lazy\"><\/span><\/p>\n<p>V\u00e4lkommen att se den nuvarande topplistan \u00f6ver Broadcasters fr\u00e5n Sverige. H\u00e4r kan du se vilka som har presterat b\u00e4st under de tv\u00e5 senaste veckorna. Du kan ocks\u00e5 se vilka som \u00e4r online just nu! Svenska tittare har f\u00f6rutom svenska Broadcasters sina favoriter fr\u00e5n Colombia och Rum\u00e4nien. Scrolla ned p\u00e5 sidan f\u00f6r att hitta dina favoriter!<\/p>\n<p>Om du letar efter specifika attribut likt MILF, BBW, ton\u00e5ringar (18+), r\u00f6dh\u00e5riga, brunetter, blondiner, live sex eller vad som \u00e4n \u00e4r din grej kan du hitta allt p\u00e5 v\u00e5r startsida <a href=\"https:\/\/sv.cam4.com\/tjejer\" style=\"outline: none;\">nakna tjejer<\/a><\/p>\n<h2 style=\"text-align: center;\"><span style=\"text-decoration: none;\"><span style=\"display: inline-block;\">Svenska Camgirls<\/span><\/span><\/h2>\n<p><strong>LIVE NU<\/strong><\/p>\n<p>[jsoncontentimporterurl=&#8221;https:\/\/reports.joinsolutions.com\/api\/v2\/blogfeed?key=GH5s6&amp;gender=f&amp;countries=sweden&amp;flags=sweden&amp;newbies=false&amp;limit=2&amp;whitelist=true&amp;status=online&amp;blacklist=true&#8221;basenode=result] <\/p>\n<ul> <a target=\"_blank\" href=\"https:\/\/se.cam4.com\/{performer}\" rel=\"noopener noreferrer\">    <img decoding=\"async\" src=\"{img}\" style=\"width:200px; height:150px;\"><\/a><\/p>\n<p><a style=\"color: blue; text-align: center;\" target=\"_blank\" href=\"https:\/\/cam4.de.com\/{performer}\" rel=\"noopener noreferrer\">Jetzt Live: <b>{performer}<\/b> <\/a><\/p>\n<\/ul>\n<p>[\/jsoncontentimporter]<\/p>\n<p><strong>TOPP CAMGIRLS<\/strong><\/p>\n<p>[jsoncontentimporterurl=&#8221;https:\/\/reports.joinsolutions.com\/api\/v2\/blogfeed?key=GH5s6&amp;gender=f&amp;countries=sweden&amp;flags=sweden&amp;newbies=false&amp;limit=13&amp;whitelist=true&amp;status=both&amp;blacklist=true&#8221;basenode=result]  <\/p>\n<ul style=\"line-height:105%\"> {count}. <a style=\"color: blue; text-align: center;\" target=\"_blank\" href=\"https:\/\/se.cam4.com\/{performer}\" rel=\"noopener noreferrer\">{performer}<\/a> <b style=\"color: green; text-align: center;\">{status}<\/b><\/ul>\n<p>    [\/jsoncontentimporter]<\/p>\n<p><strong>NYA CAMGIRLS<\/strong><\/p>\n<p>[jsoncontentimporterurl=&#8221;https:\/\/reports.joinsolutions.com\/api\/v2\/blogfeed?key=GH5s6&amp;gender=f&amp;countries=sweden&amp;flags=sweden&amp;newbies=true&amp;limit=13&amp;whitelist=true&amp;status=both&amp;blacklist=true&#8221;basenode=result]  <\/p>\n<ul style=\"line-height:105%\"> {count}. <a style=\"color: blue; text-align: center;\" target=\"_blank\" href=\"https:\/\/se.cam4.com\/{performer}\" rel=\"noopener noreferrer\">{performer}<\/a> <b style=\"color: green; text-align: center;\">{status}<\/b><\/ul>\n<p>    [\/jsoncontentimporter]<\/p>\n<h2 style=\"text-align: center;\"><span style=\"text-decoration: none;\"><span style=\"display: inline-block;\"><strong>Internationella Camgirls<\/strong><\/span><\/span><\/h2>\n<p><strong>LIVE NU<\/strong><\/p>\n<p>[jsoncontentimporterurl=&#8221;https:\/\/reports.joinsolutions.com\/api\/v2\/blogfeed?key=GH5s6&amp;gender=f&amp;countries=GANG|FRITES|EERO&amp;newbies=false&amp;limit=3&amp;whitelist=true&amp;status=online&amp;blacklist=true&#8221;basenode=result] <\/p>\n<ul> <a target=\"_blank\" href=\"https:\/\/cam4.de.com\/{performer}\" rel=\"noopener noreferrer\">    <img decoding=\"async\" src=\"{img}\" style=\"width:200px; height:150px;\"><\/a><\/p>\n<p><a style=\"color: blue; text-align: center;\" target=\"_blank\" href=\"https:\/\/se.cam4.com\/{performer}\" rel=\"noopener noreferrer\">Jetzt Live: <b>{performer}<\/b> <\/a><\/p>\n<\/ul>\n<p>[\/jsoncontentimporter]<\/p>\n<p><strong>TOPP CAMGIRLS<\/strong><\/p>\n<p>[jsoncontentimporterurl=&#8221;https:\/\/reports.joinsolutions.com\/api\/v2\/blogfeed?key=GH5s6&amp;gender=f&amp;countries=GANG|FRITES|EERO&amp;newbies=false&amp;limit=20&amp;whitelist=true&amp;status=both&amp;blacklist=true&#8221;basenode=result]  <\/p>\n<ul style=\"line-height:105%\"> {count}. <a style=\"color: blue; text-align: center;\" target=\"_blank\" href=\"https:\/\/se.cam4.com\/{performer}\" rel=\"noopener noreferrer\">{performer}<\/a> <b style=\"color: green; text-align: center;\">{status}<\/b><\/ul>\n<p>    [\/jsoncontentimporter]<\/p>\n<p><strong>NYA CAMGIRLS<\/strong><\/p>\n<p>[jsoncontentimporterurl=&#8221;https:\/\/reports.joinsolutions.com\/api\/v2\/blogfeed?key=GH5s6&amp;gender=f&amp;countries=GANG|FRITES|EERO&amp;newbies=true&amp;limit=20&amp;whitelist=true&amp;status=both&amp;blacklist=true&#8221;basenode=result]  <\/p>\n<ul style=\"line-height:105%\"> {count}. <a style=\"color: blue; text-align: center;\" target=\"_blank\" href=\"https:\/\/se.cam4.com\/{performer}\" rel=\"noopener noreferrer\">{performer}<\/a> <b style=\"color: green; text-align: center;\">{status}<\/b><\/ul>\n<p>    [\/jsoncontentimporter]<\/p>\n<h2 style=\"text-align: center;\"><span style=\"text-decoration: none;\"><span style=\"display: inline-block;\"><strong><a href=\"https:\/\/se.cam4.com\/blog\/veckans-basta-performers\/?tve=true&amp;tcbf=c1396f33a4#tve-jump-1726117eb35\" jump-animation=\"smooth\" style=\"outline: none;\" id=\"tve-jump-17441656d61\"><strong>Latina Camgirls<\/strong><\/a><\/strong><\/span><\/span><\/h2>\n<p><strong>LIVE NU<\/strong><\/p>\n<p>[jsoncontentimporterurl=&#8221;https:\/\/reports.joinsolutions.com\/api\/v2\/blogfeed?key=GH5s6&amp;gender=f&amp;countries=colombia%7Cbrazil%7Cargentina&amp;newbies=false&amp;limit=3&amp;whitelist=true&amp;status=online&amp;blacklist=true&#8221;basenode=result] <\/p>\n<ul> <a target=\"_blank\" href=\"https:\/\/se.cam4.com\/{performer}\" rel=\"noopener noreferrer\">    <img decoding=\"async\" src=\"{img}\" style=\"width:200px; height:150px;\"><\/a><\/p>\n<p><a style=\"color: blue; text-align: center;\" target=\"_blank\" href=\"https:\/\/cam4.de.com\/{performer}\" rel=\"noopener noreferrer\">Jetzt Live: <b>{performer}<\/b> <\/a><\/p>\n<\/ul>\n<p>[\/jsoncontentimporter]<\/p>\n<p><strong>TOPP CAMGIRLS<\/strong><\/p>\n<p>[jsoncontentimporterurl=&#8221;https:\/\/reports.joinsolutions.com\/api\/v2\/blogfeed?key=GH5s6&amp;gender=f&amp;countries=colombia%7Cbrazil%7Cargentina&amp;flags=colombia%7Cbrazil%7Cargentina&amp;newbies=false&amp;limit=20&amp;whitelist=true&amp;status=both&amp;blacklist=true&#8221;basenode=result]  <\/p>\n<ul style=\"line-height:105%\"> {count}. <a style=\"color: blue; text-align: center;\" target=\"_blank\" href=\"https:\/\/se.cam4.com\/{performer}\" rel=\"noopener noreferrer\">{performer}<\/a> <b style=\"color: green; text-align: center;\">{status}<\/b><\/ul>\n<p>    [\/jsoncontentimporter]<\/p>\n<p><strong>NYA CAMGIRLS<\/strong><\/p>\n<p>[jsoncontentimporterurl=&#8221;https:\/\/reports.joinsolutions.com\/api\/v2\/blogfeed?key=GH5s6&amp;gender=f&amp;countries=colombia%7Cbrazil%7Cargentina&amp;flags=colombia%7Cbrazil%7Cargentina&amp;newbies=true&amp;limit=20&amp;whitelist=true&amp;status=both&amp;blacklist=true&#8221;basenode=result]  <\/p>\n<ul style=\"line-height:105%\"> {count}. <a style=\"color: blue; text-align: center;\" target=\"_blank\" href=\"https:\/\/se.cam4.com\/{performer}\" rel=\"noopener noreferrer\">{performer}<\/a> <b style=\"color: green; text-align: center;\">{status}<\/b><\/ul>\n<p>    [\/jsoncontentimporter]<\/p>\n<h2 style=\"text-align: center;\"><span style=\"text-decoration: none;\"><span style=\"display: inline-block;\"><strong><a href=\"https:\/\/se.cam4.com\/blog\/veckans-basta-performers\/?tve=true&amp;tcbf=c1396f33a4#tve-jump-1726117eb35\" jump-animation=\"smooth\" style=\"outline: none;\"><strong><\/strong><\/a><strong><a href=\"https:\/\/se.cam4.com\/blog\/veckans-basta-performers\/?tve=true&amp;tcbf=c1396f33a4#tve-jump-1712fad48b4\" jump-animation=\"smooth\" style=\"outline: none;\" id=\"tve-jump-17441659477\">Rum\u00e4nska Camgirls<\/a><\/strong><\/strong><\/span><\/span><\/h2>\n<p><strong>LIVE NU<\/strong><\/p>\n<p>[jsoncontentimporterurl=&#8221;https:\/\/reports.joinsolutions.com\/api\/v2\/blogfeed?key=GH5s6&amp;gender=f&amp;countries=romania&amp;newbies=false&amp;limit=3&amp;whitelist=true&amp;status=online&amp;blacklist=true&#8221;basenode=result] <\/p>\n<ul> <a target=\"_blank\" href=\"https:\/\/se.cam4.com\/{performer}\" rel=\"noopener noreferrer\">    <img decoding=\"async\" src=\"{img}\" style=\"width:200px; height:150px;\"><\/a><\/p>\n<p><a style=\"color: blue; text-align: center;\" target=\"_blank\" href=\"https:\/\/cam4.de.com\/{performer}\" rel=\"noopener noreferrer\">Jetzt Live: <b>{performer}<\/b> <\/a><\/p>\n<\/ul>\n<p>[\/jsoncontentimporter]<\/p>\n<p><strong>TOPP CAMGIRLS<\/strong><\/p>\n<p>[jsoncontentimporterurl=&#8221;https:\/\/reports.joinsolutions.com\/api\/v2\/blogfeed?key=GH5s6&amp;gender=f&amp;countries=romania&amp;newbies=false&amp;limit=20&amp;whitelist=true&amp;status=both&amp;blacklist=true&#8221;basenode=result]  <\/p>\n<ul style=\"line-height:105%\"> {count}. <a style=\"color: blue; text-align: center;\" target=\"_blank\" href=\"https:\/\/se.cam4.com\/{performer}\" rel=\"noopener noreferrer\">{performer}<\/a> <b style=\"color: green; text-align: center;\">{status}<\/b><\/ul>\n<p>    [\/jsoncontentimporter]<\/p>\n<p><strong>NYA CAMGIRLS<\/strong><\/p>\n<p>[jsoncontentimporterurl=&#8221;https:\/\/reports.joinsolutions.com\/api\/v2\/blogfeed?key=GH5s6&amp;gender=f&amp;countries=romania&amp;newbies=true&amp;limit=20&amp;whitelist=true&amp;status=both&amp;blacklist=true&#8221;basenode=result]  <\/p>\n<ul style=\"line-height:105%\"> {count}. <a style=\"color: blue; text-align: center;\" target=\"_blank\" href=\"https:\/\/se.cam4.com\/{performer}\" rel=\"noopener noreferrer\">{performer}<\/a> <b style=\"color: green; text-align: center;\">{status}<\/b><\/ul>\n<p>    [\/jsoncontentimporter]<\/p>\n<p>V\u00e4lkommen till CAM4 &#8211; kameror f\u00f6r vuxna utan gr\u00e4nser. CAM4 erbjuder den b\u00e4sta liveporren online. \u00d6ver 1 miljon timmar med live sexshows streamas h\u00e4r varje vecka! M\u00e5nga av&nbsp;<a href=\"https:\/\/sv.cam4.com\/tjejer\" style=\"outline: none;\">nakna tjejer<\/a> g\u00f6r CAM 4 till sitt hem.<\/p>\n<p>H\u00e4r hittar du alla typer av heta amat\u00f6rcamtjejer, oavsett vad du gillar. \u00c4lskar du live porr? MILF? Mogna? Vi har nakna cam modeller i alla former, storlekar och etniska grupper, cams str\u00f6mmar i HD och p\u00e5 mobil, dag och natt. V\u00e5rt gay-community har <a href=\"https:\/\/sv.cam4.com\/killar\">gay cam<\/a> online.<\/p>\n<p>Killar \u00e4r nakna, onanerar och har sex p\u00e5 cam med gratis svensk live sex. Letar du efter <a href=\"https:\/\/sv.cam4.com\/transpersoner\" style=\"outline: none;\">Trans cams?<\/a> CAM4 Sweden \u00e4r stolt \u00f6ver att vara ett m\u00e5ngfaldigt samh\u00e4lle av likasinnade m\u00e4nniskor som \u00e4r fria att uttrycka sig, oavsett k\u00f6n , ras, storlek eller sexuell preferens. V\u00e5r Trans-community har n\u00e5gra av de vackraste t-flickorna p\u00e5 Internet.<\/p>\n<p><a href=\"https:\/\/sv.cam4.com\/\" style=\"outline: none;\">Sexchatt<\/a> med pre-op och post-op transgender camflickor fr\u00e5n ditt eget hem, p\u00e5 skrivbordet eller mobilen. Med mer \u00e4n 75 000 XXX-sexshower som s\u00e4nds varje dag &#8211; CAM.4 \u00e4r den b\u00e4sta sexcamwebbplatsen online med n\u00e5got f\u00f6r alla. Cam4 Sverige st\u00f6ttar sexuell \u00f6ppenhet, frihet och j\u00e4mlikhet sedan 2007. Cam4 Swedish &#8211; alltid b\u00e4sta camsajten f\u00f6r dig!<\/p>\n","protected":false},"excerpt":{"rendered":"<p>Svenska Camgirls Internationella Camgirls Latina Camgirls Rum\u00e4nska Camgirls Kategorier av Top Camgirls: V\u00e4lkommen att se den nuvarande topplistan \u00f6ver Broadcasters fr\u00e5n Sverige. H\u00e4r kan du se vilka som har presterat b\u00e4st under de tv\u00e5 senaste veckorna. Du kan ocks\u00e5 se vilka som \u00e4r online just nu! Svenska tittare har f\u00f6rutom svenska Broadcasters sina favoriter fr\u00e5n [&hellip;]<\/p>\n","protected":false},"author":1,"featured_media":0,"parent":0,"menu_order":0,"comment_status":"closed","ping_status":"closed","template":"","meta":{"footnotes":""},"class_list":["post-1668","page","type-page","status-publish","hentry","post-wrapper","thrv_wrapper"],"yoast_head":"<!-- This site is optimized with the Yoast SEO plugin v24.0 - https:\/\/yoast.com\/wordpress\/plugins\/seo\/ -->\n<title>B\u00e4sta Broadcasters - CAM4 Sweden Blogg<\/title>\n<meta name=\"description\" content=\"Spana in de b\u00e4sta och nyaste svenska Broadcasters p\u00e5 v\u00e4rldens b\u00e4sta och st\u00f6rsta camsajt CAM4. Gratis att titta, gratis att chatta, gratis att s\u00e4nda. CAM 4\" \/>\n<meta name=\"robots\" content=\"index, follow, max-snippet:-1, max-image-preview:large, max-video-preview:-1\" \/>\n<link rel=\"canonical\" href=\"https:\/\/se.cam4.com\/blog\/veckans-basta-performers\/\" \/>\n<meta property=\"og:locale\" content=\"en_US\" \/>\n<meta property=\"og:type\" content=\"article\" \/>\n<meta property=\"og:title\" content=\"B\u00e4sta Broadcasters - CAM4 Sweden Blogg\" \/>\n<meta property=\"og:description\" content=\"Spana in de b\u00e4sta och nyaste svenska Broadcasters p\u00e5 v\u00e4rldens b\u00e4sta och st\u00f6rsta camsajt CAM4. Gratis att titta, gratis att chatta, gratis att s\u00e4nda. CAM 4\" \/>\n<meta property=\"og:url\" content=\"https:\/\/se.cam4.com\/blog\/veckans-basta-performers\/\" \/>\n<meta property=\"og:site_name\" content=\"CAM4 Sweden Blogg\" \/>\n<meta property=\"article:modified_time\" content=\"2020-08-31T06:34:39+00:00\" \/>\n<meta property=\"og:image\" content=\"https:\/\/se.cam4.com\/blog\/wp-content\/blogs.dir\/13\/files\/2020\/08\/Cam-Girl-mit-weisem-Shirt-1-1.jpg\" \/>\n<meta name=\"twitter:card\" content=\"summary_large_image\" \/>\n<meta name=\"twitter:label1\" content=\"Est. reading time\" \/>\n\t<meta name=\"twitter:data1\" content=\"4 minutes\" \/>\n<script type=\"application\/ld+json\" class=\"yoast-schema-graph\">{\"@context\":\"https:\/\/schema.org\",\"@graph\":[{\"@type\":\"WebPage\",\"@id\":\"https:\/\/se.cam4.com\/blog\/veckans-basta-performers\/\",\"url\":\"https:\/\/se.cam4.com\/blog\/veckans-basta-performers\/\",\"name\":\"B\u00e4sta Broadcasters - CAM4 Sweden Blogg\",\"isPartOf\":{\"@id\":\"https:\/\/se.cam4.com\/blog\/#website\"},\"primaryImageOfPage\":{\"@id\":\"https:\/\/se.cam4.com\/blog\/veckans-basta-performers\/#primaryimage\"},\"image\":{\"@id\":\"https:\/\/se.cam4.com\/blog\/veckans-basta-performers\/#primaryimage\"},\"thumbnailUrl\":\"https:\/\/se.cam4.com\/blog\/wp-content\/blogs.dir\/13\/files\/2020\/08\/Cam-Girl-mit-weisem-Shirt-1-1.jpg\",\"datePublished\":\"2020-06-09T13:52:19+00:00\",\"dateModified\":\"2020-08-31T06:34:39+00:00\",\"description\":\"Spana in de b\u00e4sta och nyaste svenska Broadcasters p\u00e5 v\u00e4rldens b\u00e4sta och st\u00f6rsta camsajt CAM4. Gratis att titta, gratis att chatta, gratis att s\u00e4nda. CAM 4\",\"breadcrumb\":{\"@id\":\"https:\/\/se.cam4.com\/blog\/veckans-basta-performers\/#breadcrumb\"},\"inLanguage\":\"en-US\",\"potentialAction\":[{\"@type\":\"ReadAction\",\"target\":[\"https:\/\/se.cam4.com\/blog\/veckans-basta-performers\/\"]}]},{\"@type\":\"ImageObject\",\"inLanguage\":\"en-US\",\"@id\":\"https:\/\/se.cam4.com\/blog\/veckans-basta-performers\/#primaryimage\",\"url\":\"https:\/\/se.cam4.com\/blog\/wp-content\/blogs.dir\/13\/files\/2020\/08\/Cam-Girl-mit-weisem-Shirt-1-1.jpg\",\"contentUrl\":\"https:\/\/se.cam4.com\/blog\/wp-content\/blogs.dir\/13\/files\/2020\/08\/Cam-Girl-mit-weisem-Shirt-1-1.jpg\",\"width\":800,\"height\":585},{\"@type\":\"BreadcrumbList\",\"@id\":\"https:\/\/se.cam4.com\/blog\/veckans-basta-performers\/#breadcrumb\",\"itemListElement\":[{\"@type\":\"ListItem\",\"position\":1,\"name\":\"Home\",\"item\":\"https:\/\/se.cam4.com\/blog\/\"},{\"@type\":\"ListItem\",\"position\":2,\"name\":\"B\u00e4sta Broadcasters\"}]},{\"@type\":\"WebSite\",\"@id\":\"https:\/\/se.cam4.com\/blog\/#website\",\"url\":\"https:\/\/se.cam4.com\/blog\/\",\"name\":\"CAM4 Sweden Blogg\",\"description\":\"CAM4 Sweden\",\"potentialAction\":[{\"@type\":\"SearchAction\",\"target\":{\"@type\":\"EntryPoint\",\"urlTemplate\":\"https:\/\/se.cam4.com\/blog\/?s={search_term_string}\"},\"query-input\":{\"@type\":\"PropertyValueSpecification\",\"valueRequired\":true,\"valueName\":\"search_term_string\"}}],\"inLanguage\":\"en-US\"}]}<\/script>\n<!-- \/ Yoast SEO plugin. -->","yoast_head_json":{"title":"B\u00e4sta Broadcasters - CAM4 Sweden Blogg","description":"Spana in de b\u00e4sta och nyaste svenska Broadcasters p\u00e5 v\u00e4rldens b\u00e4sta och st\u00f6rsta camsajt CAM4. Gratis att titta, gratis att chatta, gratis att s\u00e4nda. CAM 4","robots":{"index":"index","follow":"follow","max-snippet":"max-snippet:-1","max-image-preview":"max-image-preview:large","max-video-preview":"max-video-preview:-1"},"canonical":"https:\/\/se.cam4.com\/blog\/veckans-basta-performers\/","og_locale":"en_US","og_type":"article","og_title":"B\u00e4sta Broadcasters - CAM4 Sweden Blogg","og_description":"Spana in de b\u00e4sta och nyaste svenska Broadcasters p\u00e5 v\u00e4rldens b\u00e4sta och st\u00f6rsta camsajt CAM4. Gratis att titta, gratis att chatta, gratis att s\u00e4nda. CAM 4","og_url":"https:\/\/se.cam4.com\/blog\/veckans-basta-performers\/","og_site_name":"CAM4 Sweden Blogg","article_modified_time":"2020-08-31T06:34:39+00:00","og_image":[{"url":"https:\/\/se.cam4.com\/blog\/wp-content\/blogs.dir\/13\/files\/2020\/08\/Cam-Girl-mit-weisem-Shirt-1-1.jpg","type":"","width":"","height":""}],"twitter_card":"summary_large_image","twitter_misc":{"Est. reading time":"4 minutes"},"schema":{"@context":"https:\/\/schema.org","@graph":[{"@type":"WebPage","@id":"https:\/\/se.cam4.com\/blog\/veckans-basta-performers\/","url":"https:\/\/se.cam4.com\/blog\/veckans-basta-performers\/","name":"B\u00e4sta Broadcasters - CAM4 Sweden Blogg","isPartOf":{"@id":"https:\/\/se.cam4.com\/blog\/#website"},"primaryImageOfPage":{"@id":"https:\/\/se.cam4.com\/blog\/veckans-basta-performers\/#primaryimage"},"image":{"@id":"https:\/\/se.cam4.com\/blog\/veckans-basta-performers\/#primaryimage"},"thumbnailUrl":"https:\/\/se.cam4.com\/blog\/wp-content\/blogs.dir\/13\/files\/2020\/08\/Cam-Girl-mit-weisem-Shirt-1-1.jpg","datePublished":"2020-06-09T13:52:19+00:00","dateModified":"2020-08-31T06:34:39+00:00","description":"Spana in de b\u00e4sta och nyaste svenska Broadcasters p\u00e5 v\u00e4rldens b\u00e4sta och st\u00f6rsta camsajt CAM4. Gratis att titta, gratis att chatta, gratis att s\u00e4nda. CAM 4","breadcrumb":{"@id":"https:\/\/se.cam4.com\/blog\/veckans-basta-performers\/#breadcrumb"},"inLanguage":"en-US","potentialAction":[{"@type":"ReadAction","target":["https:\/\/se.cam4.com\/blog\/veckans-basta-performers\/"]}]},{"@type":"ImageObject","inLanguage":"en-US","@id":"https:\/\/se.cam4.com\/blog\/veckans-basta-performers\/#primaryimage","url":"https:\/\/se.cam4.com\/blog\/wp-content\/blogs.dir\/13\/files\/2020\/08\/Cam-Girl-mit-weisem-Shirt-1-1.jpg","contentUrl":"https:\/\/se.cam4.com\/blog\/wp-content\/blogs.dir\/13\/files\/2020\/08\/Cam-Girl-mit-weisem-Shirt-1-1.jpg","width":800,"height":585},{"@type":"BreadcrumbList","@id":"https:\/\/se.cam4.com\/blog\/veckans-basta-performers\/#breadcrumb","itemListElement":[{"@type":"ListItem","position":1,"name":"Home","item":"https:\/\/se.cam4.com\/blog\/"},{"@type":"ListItem","position":2,"name":"B\u00e4sta Broadcasters"}]},{"@type":"WebSite","@id":"https:\/\/se.cam4.com\/blog\/#website","url":"https:\/\/se.cam4.com\/blog\/","name":"CAM4 Sweden Blogg","description":"CAM4 Sweden","potentialAction":[{"@type":"SearchAction","target":{"@type":"EntryPoint","urlTemplate":"https:\/\/se.cam4.com\/blog\/?s={search_term_string}"},"query-input":{"@type":"PropertyValueSpecification","valueRequired":true,"valueName":"search_term_string"}}],"inLanguage":"en-US"}]}},"_links":{"self":[{"href":"https:\/\/se.cam4.com\/blog\/wp-json\/wp\/v2\/pages\/1668","targetHints":{"allow":["GET"]}}],"collection":[{"href":"https:\/\/se.cam4.com\/blog\/wp-json\/wp\/v2\/pages"}],"about":[{"href":"https:\/\/se.cam4.com\/blog\/wp-json\/wp\/v2\/types\/page"}],"author":[{"embeddable":true,"href":"https:\/\/se.cam4.com\/blog\/wp-json\/wp\/v2\/users\/1"}],"replies":[{"embeddable":true,"href":"https:\/\/se.cam4.com\/blog\/wp-json\/wp\/v2\/comments?post=1668"}],"version-history":[{"count":0,"href":"https:\/\/se.cam4.com\/blog\/wp-json\/wp\/v2\/pages\/1668\/revisions"}],"wp:attachment":[{"href":"https:\/\/se.cam4.com\/blog\/wp-json\/wp\/v2\/media?parent=1668"}],"curies":[{"name":"wp","href":"https:\/\/api.w.org\/{rel}","templated":true}]}}